{"id":5428,"date":"2025-04-09T09:03:09","date_gmt":"2025-04-09T09:03:09","guid":{"rendered":"https:\/\/ntp.rs\/?post_type=aktuelnosti&#038;p=5428"},"modified":"2025-06-03T12:04:57","modified_gmt":"2025-06-03T12:04:57","slug":"climate-change-and-innovations-in-the-focus-of-events-at-stp-nis","status":"publish","type":"aktuelnosti","link":"https:\/\/ntp.rs\/en\/aktuelnosti\/climate-change-and-innovations-in-the-focus-of-events-at-stp-nis\/","title":{"rendered":"Climate Change and Innovations in the Focus of Events at STP Ni\u0161"},"content":{"rendered":"<p>An event focused on the increasingly topical issue of climate change and innovation was held at the Science and Technology Park Ni\u0161, organized by STP Ni\u0161, the company AdverCity and the Young Ambassadors organization.<\/p>\n<p>A special part of the program was dedicated to a lecture by Jaroslav Efimov, head of the Climate Change Sector at Palm Tech, who emphasized the importance of linking innovation with climate policy, as well as the importance of developing and implementing climate technologies in modern society.<\/p>\n<p>As part of the event, representatives of the Science and Technology Park Ni\u0161 presented the results of the Be Ready project, which focuses on solving climate challenges in urban areas of the Danube region. The event was opened by Milo\u0161 Grozdanovi\u0107, Assistant Director for Business Development at STP Ni\u0161, who presented the park\u2019s activities in the field of climate change adaptation.<\/p>\n<p>Milan Krstev, the project assistant for the Be Ready project, presented the methodology and objectives of the project with a special focus on the problem of urban heat islands (UHI). The presentation highlighted the approach that includes the so-called \u201cgreen\u201d, \u201cwhite\u201d and \u201cblue acupuncture\u201d \u2013 interventions based on vegetation, innovative materials and the use of water resources. The results of the City of Ni\u0161\u2019s report on the formation of urban heat islands in the city were also presented.<\/p>\n<p>Members of the Young Ambassadors organization also presented their experiences in the field of innovation and potential measures to combat climate change, contributing to the discussion through ideas and solutions of young people in the field of sustainable development.<\/p>\n<p>&nbsp;<\/p>\n<p>You can see the report at the<a href=\"https:\/\/www.ni.rs\/wp-content\/uploads\/2025\/04\/Procena-ranjivosti-rizika-od-urbanih-toplotnih-ostrva-Grad-Nis.pdf\"> link.<\/a><\/p>\n<p><img loading=\"lazy\" decoding=\"async\" class=\"alignleft size-medium wp-image-5412\" src=\"https:\/\/ntp.rs\/wp-content\/uploads\/2025\/04\/IMG_6292-300x200.jpg\" alt=\"\" width=\"300\" height=\"200\" srcset=\"https:\/\/ntp.rs\/wp-content\/uploads\/2025\/04\/IMG_6292-300x200.jpg 300w, https:\/\/ntp.rs\/wp-content\/uploads\/2025\/04\/IMG_6292-1024x683.jpg 1024w, https:\/\/ntp.rs\/wp-content\/uploads\/2025\/04\/IMG_6292-768x512.jpg 768w, https:\/\/ntp.rs\/wp-content\/uploads\/2025\/04\/IMG_6292-1536x1024.jpg 1536w, https:\/\/ntp.rs\/wp-content\/uploads\/2025\/04\/IMG_6292-860x573.jpg 860w, https:\/\/ntp.rs\/wp-content\/uploads\/2025\/04\/IMG_6292-1920x1280.jpg 1920w, https:\/\/ntp.rs\/wp-content\/uploads\/2025\/04\/IMG_6292.jpg 1992w\" sizes=\"auto, (max-width: 300px) 100vw, 300px\" \/> <img loading=\"lazy\" decoding=\"async\" class=\"alignleft size-medium wp-image-5410\" src=\"https:\/\/ntp.rs\/wp-content\/uploads\/2025\/04\/IMG_6264-300x200.jpg\" alt=\"\" width=\"300\" height=\"200\" srcset=\"https:\/\/ntp.rs\/wp-content\/uploads\/2025\/04\/IMG_6264-300x200.jpg 300w, https:\/\/ntp.rs\/wp-content\/uploads\/2025\/04\/IMG_6264-1024x683.jpg 1024w, https:\/\/ntp.rs\/wp-content\/uploads\/2025\/04\/IMG_6264-768x512.jpg 768w, https:\/\/ntp.rs\/wp-content\/uploads\/2025\/04\/IMG_6264-1536x1024.jpg 1536w, https:\/\/ntp.rs\/wp-content\/uploads\/2025\/04\/IMG_6264-860x573.jpg 860w, https:\/\/ntp.rs\/wp-content\/uploads\/2025\/04\/IMG_6264-1920x1280.jpg 1920w, https:\/\/ntp.rs\/wp-content\/uploads\/2025\/04\/IMG_6264.jpg 1992w\" sizes=\"auto, (max-width: 300px) 100vw, 300px\" \/> <img loading=\"lazy\" decoding=\"async\" class=\"alignleft size-medium wp-image-5408\" src=\"https:\/\/ntp.rs\/wp-content\/uploads\/2025\/04\/IMG_6228-300x200.jpg\" alt=\"\" width=\"300\" height=\"200\" srcset=\"https:\/\/ntp.rs\/wp-content\/uploads\/2025\/04\/IMG_6228-300x200.jpg 300w, https:\/\/ntp.rs\/wp-content\/uploads\/2025\/04\/IMG_6228-1024x683.jpg 1024w, https:\/\/ntp.rs\/wp-content\/uploads\/2025\/04\/IMG_6228-768x512.jpg 768w, https:\/\/ntp.rs\/wp-content\/uploads\/2025\/04\/IMG_6228-1536x1024.jpg 1536w, https:\/\/ntp.rs\/wp-content\/uploads\/2025\/04\/IMG_6228-860x573.jpg 860w, https:\/\/ntp.rs\/wp-content\/uploads\/2025\/04\/IMG_6228-1920x1280.jpg 1920w, https:\/\/ntp.rs\/wp-content\/uploads\/2025\/04\/IMG_6228.jpg 1992w\" sizes=\"auto, (max-width: 300px) 100vw, 300px\" \/><\/p>\n","protected":false},"excerpt":{"rendered":"<p>An event focused on the increasingly topical issue of climate change and innovation was held at the Science and Technology Park Ni\u0161, organized by STP Ni\u0161, the company AdverCity and the Young Ambassadors organization. A special part of the program was dedicated to a lecture by Jaroslav Efimov, head of the Climate Change Sector at [&hellip;]<\/p>\n","protected":false},"featured_media":5406,"template":"","class_list":["post-5428","aktuelnosti","type-aktuelnosti","status-publish","has-post-thumbnail","hentry"],"acf":[],"yoast_head":"<!-- This site is optimized with the Yoast SEO plugin v26.6 - https:\/\/yoast.com\/wordpress\/plugins\/seo\/ -->\n<title>Climate Change and Innovations in the Focus of Events at STP Ni\u0161 - NTP<\/title>\n<meta name=\"robots\" content=\"index, follow, max-snippet:-1, max-image-preview:large, max-video-preview:-1\" \/>\n<link rel=\"canonical\" href=\"https:\/\/ntp.rs\/en\/aktuelnosti\/climate-change-and-innovations-in-the-focus-of-events-at-stp-nis\/\" \/>\n<meta property=\"og:locale\" content=\"en_US\" \/>\n<meta property=\"og:type\" content=\"article\" \/>\n<meta property=\"og:title\" content=\"Climate Change and Innovations in the Focus of Events at STP Ni\u0161 - NTP\" \/>\n<meta property=\"og:description\" content=\"An event focused on the increasingly topical issue of climate change and innovation was held at the Science and Technology Park Ni\u0161, organized by STP Ni\u0161, the company AdverCity and the Young Ambassadors organization. A special part of the program was dedicated to a lecture by Jaroslav Efimov, head of the Climate Change Sector at [&hellip;]\" \/>\n<meta property=\"og:url\" content=\"https:\/\/ntp.rs\/en\/aktuelnosti\/climate-change-and-innovations-in-the-focus-of-events-at-stp-nis\/\" \/>\n<meta property=\"og:site_name\" content=\"NTP\" \/>\n<meta property=\"article:modified_time\" content=\"2025-06-03T12:04:57+00:00\" \/>\n<meta property=\"og:image\" content=\"https:\/\/ntp.rs\/wp-content\/uploads\/2025\/04\/IMG_6348.jpg\" \/>\n\t<meta property=\"og:image:width\" content=\"1992\" \/>\n\t<meta property=\"og:image:height\" content=\"1328\" \/>\n\t<meta property=\"og:image:type\" content=\"image\/jpeg\" \/>\n<meta name=\"twitter:card\" content=\"summary_large_image\" \/>\n<meta name=\"twitter:label1\" content=\"Est. reading time\" \/>\n\t<meta name=\"twitter:data1\" content=\"3 minutes\" \/>\n<script type=\"application\/ld+json\" class=\"yoast-schema-graph\">{\"@context\":\"https:\/\/schema.org\",\"@graph\":[{\"@type\":\"WebPage\",\"@id\":\"https:\/\/ntp.rs\/en\/aktuelnosti\/climate-change-and-innovations-in-the-focus-of-events-at-stp-nis\/\",\"url\":\"https:\/\/ntp.rs\/en\/aktuelnosti\/climate-change-and-innovations-in-the-focus-of-events-at-stp-nis\/\",\"name\":\"Climate Change and Innovations in the Focus of Events at STP Ni\u0161 - NTP\",\"isPartOf\":{\"@id\":\"http:\/\/ntpn.test\/#website\"},\"primaryImageOfPage\":{\"@id\":\"https:\/\/ntp.rs\/en\/aktuelnosti\/climate-change-and-innovations-in-the-focus-of-events-at-stp-nis\/#primaryimage\"},\"image\":{\"@id\":\"https:\/\/ntp.rs\/en\/aktuelnosti\/climate-change-and-innovations-in-the-focus-of-events-at-stp-nis\/#primaryimage\"},\"thumbnailUrl\":\"https:\/\/ntp.rs\/wp-content\/uploads\/2025\/04\/IMG_6348.jpg\",\"datePublished\":\"2025-04-09T09:03:09+00:00\",\"dateModified\":\"2025-06-03T12:04:57+00:00\",\"breadcrumb\":{\"@id\":\"https:\/\/ntp.rs\/en\/aktuelnosti\/climate-change-and-innovations-in-the-focus-of-events-at-stp-nis\/#breadcrumb\"},\"inLanguage\":\"en-US\",\"potentialAction\":[{\"@type\":\"ReadAction\",\"target\":[\"https:\/\/ntp.rs\/en\/aktuelnosti\/climate-change-and-innovations-in-the-focus-of-events-at-stp-nis\/\"]}]},{\"@type\":\"ImageObject\",\"inLanguage\":\"en-US\",\"@id\":\"https:\/\/ntp.rs\/en\/aktuelnosti\/climate-change-and-innovations-in-the-focus-of-events-at-stp-nis\/#primaryimage\",\"url\":\"https:\/\/ntp.rs\/wp-content\/uploads\/2025\/04\/IMG_6348.jpg\",\"contentUrl\":\"https:\/\/ntp.rs\/wp-content\/uploads\/2025\/04\/IMG_6348.jpg\",\"width\":1992,\"height\":1328},{\"@type\":\"BreadcrumbList\",\"@id\":\"https:\/\/ntp.rs\/en\/aktuelnosti\/climate-change-and-innovations-in-the-focus-of-events-at-stp-nis\/#breadcrumb\",\"itemListElement\":[{\"@type\":\"ListItem\",\"position\":1,\"name\":\"Home\",\"item\":\"https:\/\/ntp.rs\/en\/\"},{\"@type\":\"ListItem\",\"position\":2,\"name\":\"\u0410\u043a\u0442\u0443\u0435\u043b\u043d\u043e\u0441\u0442\u0438\",\"item\":\"http:\/\/ntpn.test\/aktuelnosti\/\"},{\"@type\":\"ListItem\",\"position\":3,\"name\":\"Climate Change and Innovations in the Focus of Events at STP Ni\u0161\"}]},{\"@type\":\"WebSite\",\"@id\":\"http:\/\/ntpn.test\/#website\",\"url\":\"http:\/\/ntpn.test\/\",\"name\":\"NTP\",\"description\":\"NTP\",\"potentialAction\":[{\"@type\":\"SearchAction\",\"target\":{\"@type\":\"EntryPoint\",\"urlTemplate\":\"http:\/\/ntpn.test\/?s={search_term_string}\"},\"query-input\":{\"@type\":\"PropertyValueSpecification\",\"valueRequired\":true,\"valueName\":\"search_term_string\"}}],\"inLanguage\":\"en-US\"}]}<\/script>\n<!-- \/ Yoast SEO plugin. -->","yoast_head_json":{"title":"Climate Change and Innovations in the Focus of Events at STP Ni\u0161 - NTP","robots":{"index":"index","follow":"follow","max-snippet":"max-snippet:-1","max-image-preview":"max-image-preview:large","max-video-preview":"max-video-preview:-1"},"canonical":"https:\/\/ntp.rs\/en\/aktuelnosti\/climate-change-and-innovations-in-the-focus-of-events-at-stp-nis\/","og_locale":"en_US","og_type":"article","og_title":"Climate Change and Innovations in the Focus of Events at STP Ni\u0161 - NTP","og_description":"An event focused on the increasingly topical issue of climate change and innovation was held at the Science and Technology Park Ni\u0161, organized by STP Ni\u0161, the company AdverCity and the Young Ambassadors organization. A special part of the program was dedicated to a lecture by Jaroslav Efimov, head of the Climate Change Sector at [&hellip;]","og_url":"https:\/\/ntp.rs\/en\/aktuelnosti\/climate-change-and-innovations-in-the-focus-of-events-at-stp-nis\/","og_site_name":"NTP","article_modified_time":"2025-06-03T12:04:57+00:00","og_image":[{"width":1992,"height":1328,"url":"https:\/\/ntp.rs\/wp-content\/uploads\/2025\/04\/IMG_6348.jpg","type":"image\/jpeg"}],"twitter_card":"summary_large_image","twitter_misc":{"Est. reading time":"3 minutes"},"schema":{"@context":"https:\/\/schema.org","@graph":[{"@type":"WebPage","@id":"https:\/\/ntp.rs\/en\/aktuelnosti\/climate-change-and-innovations-in-the-focus-of-events-at-stp-nis\/","url":"https:\/\/ntp.rs\/en\/aktuelnosti\/climate-change-and-innovations-in-the-focus-of-events-at-stp-nis\/","name":"Climate Change and Innovations in the Focus of Events at STP Ni\u0161 - NTP","isPartOf":{"@id":"http:\/\/ntpn.test\/#website"},"primaryImageOfPage":{"@id":"https:\/\/ntp.rs\/en\/aktuelnosti\/climate-change-and-innovations-in-the-focus-of-events-at-stp-nis\/#primaryimage"},"image":{"@id":"https:\/\/ntp.rs\/en\/aktuelnosti\/climate-change-and-innovations-in-the-focus-of-events-at-stp-nis\/#primaryimage"},"thumbnailUrl":"https:\/\/ntp.rs\/wp-content\/uploads\/2025\/04\/IMG_6348.jpg","datePublished":"2025-04-09T09:03:09+00:00","dateModified":"2025-06-03T12:04:57+00:00","breadcrumb":{"@id":"https:\/\/ntp.rs\/en\/aktuelnosti\/climate-change-and-innovations-in-the-focus-of-events-at-stp-nis\/#breadcrumb"},"inLanguage":"en-US","potentialAction":[{"@type":"ReadAction","target":["https:\/\/ntp.rs\/en\/aktuelnosti\/climate-change-and-innovations-in-the-focus-of-events-at-stp-nis\/"]}]},{"@type":"ImageObject","inLanguage":"en-US","@id":"https:\/\/ntp.rs\/en\/aktuelnosti\/climate-change-and-innovations-in-the-focus-of-events-at-stp-nis\/#primaryimage","url":"https:\/\/ntp.rs\/wp-content\/uploads\/2025\/04\/IMG_6348.jpg","contentUrl":"https:\/\/ntp.rs\/wp-content\/uploads\/2025\/04\/IMG_6348.jpg","width":1992,"height":1328},{"@type":"BreadcrumbList","@id":"https:\/\/ntp.rs\/en\/aktuelnosti\/climate-change-and-innovations-in-the-focus-of-events-at-stp-nis\/#breadcrumb","itemListElement":[{"@type":"ListItem","position":1,"name":"Home","item":"https:\/\/ntp.rs\/en\/"},{"@type":"ListItem","position":2,"name":"\u0410\u043a\u0442\u0443\u0435\u043b\u043d\u043e\u0441\u0442\u0438","item":"http:\/\/ntpn.test\/aktuelnosti\/"},{"@type":"ListItem","position":3,"name":"Climate Change and Innovations in the Focus of Events at STP Ni\u0161"}]},{"@type":"WebSite","@id":"http:\/\/ntpn.test\/#website","url":"http:\/\/ntpn.test\/","name":"NTP","description":"NTP","potentialAction":[{"@type":"SearchAction","target":{"@type":"EntryPoint","urlTemplate":"http:\/\/ntpn.test\/?s={search_term_string}"},"query-input":{"@type":"PropertyValueSpecification","valueRequired":true,"valueName":"search_term_string"}}],"inLanguage":"en-US"}]}},"_links":{"self":[{"href":"https:\/\/ntp.rs\/en\/wp-json\/wp\/v2\/aktuelnosti\/5428","targetHints":{"allow":["GET"]}}],"collection":[{"href":"https:\/\/ntp.rs\/en\/wp-json\/wp\/v2\/aktuelnosti"}],"about":[{"href":"https:\/\/ntp.rs\/en\/wp-json\/wp\/v2\/types\/aktuelnosti"}],"wp:featuredmedia":[{"embeddable":true,"href":"https:\/\/ntp.rs\/en\/wp-json\/wp\/v2\/media\/5406"}],"wp:attachment":[{"href":"https:\/\/ntp.rs\/en\/wp-json\/wp\/v2\/media?parent=5428"}],"curies":[{"name":"wp","href":"https:\/\/api.w.org\/{rel}","templated":true}]}}

Climate Change and Innovations in the Focus of Events at STP Niš

<p>An event focused on the increasingly topical issue of climate change and innovation was held at the Science and Technology Park Niš, organized by STP Niš, the company AdverCity and the Young Ambassadors organization.</p>
<p>A special part of the program was dedicated to a lecture by Jaroslav Efimov, head of the Climate Change Sector at Palm Tech, who emphasized the importance of linking innovation with climate policy, as well as the importance of developing and implementing climate technologies in modern society.</p>
<p>As part of the event, representatives of the Science and Technology Park Niš presented the results of the Be Ready project, which focuses on solving climate challenges in urban areas of the Danube region. The event was opened by Miloš Grozdanović, Assistant Director for Business Development at STP Niš, who presented the park’s activities in the field of climate change adaptation.</p>
<p>Milan Krstev, the project assistant for the Be Ready project, presented the methodology and objectives of the project with a special focus on the problem of urban heat islands (UHI). The presentation highlighted the approach that includes the so-called “green”, “white” and “blue acupuncture” – interventions based on vegetation, innovative materials and the use of water resources. The results of the City of Niš’s report on the formation of urban heat islands in the city were also presented.</p>
<p>Members of the Young Ambassadors organization also presented their experiences in the field of innovation and potential measures to combat climate change, contributing to the discussion through ideas and solutions of young people in the field of sustainable development.</p>
<p>&nbsp;</p>
<p>You can see the report at the<a href="https://www.ni.rs/wp-content/uploads/2025/04/Procena-ranjivosti-rizika-od-urbanih-toplotnih-ostrva-Grad-Nis.pdf"> link.</a></p>
<p><img loading="lazy" decoding="async" class="alignleft size-medium wp-image-5412" src="https://ntp.rs/wp-content/uploads/2025/04/IMG_6292-300x200.jpg" alt="" width="300" height="200" srcset="https://ntp.rs/wp-content/uploads/2025/04/IMG_6292-300x200.jpg 300w, https://ntp.rs/wp-content/uploads/2025/04/IMG_6292-1024x683.jpg 1024w, https://ntp.rs/wp-content/uploads/2025/04/IMG_6292-768x512.jpg 768w, https://ntp.rs/wp-content/uploads/2025/04/IMG_6292-1536x1024.jpg 1536w, https://ntp.rs/wp-content/uploads/2025/04/IMG_6292-860x573.jpg 860w, https://ntp.rs/wp-content/uploads/2025/04/IMG_6292-1920x1280.jpg 1920w, https://ntp.rs/wp-content/uploads/2025/04/IMG_6292.jpg 1992w" sizes="auto, (max-width: 300px) 100vw, 300px" /> <img loading="lazy" decoding="async" class="alignleft size-medium wp-image-5410" src="https://ntp.rs/wp-content/uploads/2025/04/IMG_6264-300x200.jpg" alt="" width="300" height="200" srcset="https://ntp.rs/wp-content/uploads/2025/04/IMG_6264-300x200.jpg 300w, https://ntp.rs/wp-content/uploads/2025/04/IMG_6264-1024x683.jpg 1024w, https://ntp.rs/wp-content/uploads/2025/04/IMG_6264-768x512.jpg 768w, https://ntp.rs/wp-content/uploads/2025/04/IMG_6264-1536x1024.jpg 1536w, https://ntp.rs/wp-content/uploads/2025/04/IMG_6264-860x573.jpg 860w, https://ntp.rs/wp-content/uploads/2025/04/IMG_6264-1920x1280.jpg 1920w, https://ntp.rs/wp-content/uploads/2025/04/IMG_6264.jpg 1992w" sizes="auto, (max-width: 300px) 100vw, 300px" /> <img loading="lazy" decoding="async" class="alignleft size-medium wp-image-5408" src="https://ntp.rs/wp-content/uploads/2025/04/IMG_6228-300x200.jpg" alt="" width="300" height="200" srcset="https://ntp.rs/wp-content/uploads/2025/04/IMG_6228-300x200.jpg 300w, https://ntp.rs/wp-content/uploads/2025/04/IMG_6228-1024x683.jpg 1024w, https://ntp.rs/wp-content/uploads/2025/04/IMG_6228-768x512.jpg 768w, https://ntp.rs/wp-content/uploads/2025/04/IMG_6228-1536x1024.jpg 1536w, https://ntp.rs/wp-content/uploads/2025/04/IMG_6228-860x573.jpg 860w, https://ntp.rs/wp-content/uploads/2025/04/IMG_6228-1920x1280.jpg 1920w, https://ntp.rs/wp-content/uploads/2025/04/IMG_6228.jpg 1992w" sizes="auto, (max-width: 300px) 100vw, 300px" /></p>

<p>An event focused on the increasingly topical issue of climate change and innovation was held at the Science and Technology Park Niš, organized by STP Niš, the company AdverCity and the Young Ambassadors organization. A special part of the program was dedicated to a lecture by Jaroslav Efimov, head of the Climate Change Sector at [&hellip;]</p>

<!-- This site is optimized with the Yoast SEO plugin v26.6 - https://yoast.com/wordpress/plugins/seo/ -->
<title>Climate Change and Innovations in the Focus of Events at STP Niš - NTP</title>
<meta name="robots" content="index, follow, max-snippet:-1, max-image-preview:large, max-video-preview:-1" />
<link rel="canonical" href="https://ntp.rs/en/aktuelnosti/climate-change-and-innovations-in-the-focus-of-events-at-stp-nis/" />
<meta property="og:locale" content="en_US" />
<meta property="og:type" content="article" />
<meta property="og:title" content="Climate Change and Innovations in the Focus of Events at STP Niš - NTP" />
<meta property="og:description" content="An event focused on the increasingly topical issue of climate change and innovation was held at the Science and Technology Park Niš, organized by STP Niš, the company AdverCity and the Young Ambassadors organization. A special part of the program was dedicated to a lecture by Jaroslav Efimov, head of the Climate Change Sector at [&hellip;]" />
<meta property="og:url" content="https://ntp.rs/en/aktuelnosti/climate-change-and-innovations-in-the-focus-of-events-at-stp-nis/" />
<meta property="og:site_name" content="NTP" />
<meta property="article:modified_time" content="2025-06-03T12:04:57+00:00" />
<meta property="og:image" content="https://ntp.rs/wp-content/uploads/2025/04/IMG_6348.jpg" />
	<meta property="og:image:width" content="1992" />
	<meta property="og:image:height" content="1328" />
	<meta property="og:image:type" content="image/jpeg" />
<meta name="twitter:card" content="summary_large_image" />
<meta name="twitter:label1" content="Est. reading time" />
	<meta name="twitter:data1" content="3 minutes" />
<script type="application/ld+json" class="yoast-schema-graph">{"@context":"https://schema.org","@graph":[{"@type":"WebPage","@id":"https://ntp.rs/en/aktuelnosti/climate-change-and-innovations-in-the-focus-of-events-at-stp-nis/","url":"https://ntp.rs/en/aktuelnosti/climate-change-and-innovations-in-the-focus-of-events-at-stp-nis/","name":"Climate Change and Innovations in the Focus of Events at STP Niš - NTP","isPartOf":{"@id":"http://ntpn.test/#website"},"primaryImageOfPage":{"@id":"https://ntp.rs/en/aktuelnosti/climate-change-and-innovations-in-the-focus-of-events-at-stp-nis/#primaryimage"},"image":{"@id":"https://ntp.rs/en/aktuelnosti/climate-change-and-innovations-in-the-focus-of-events-at-stp-nis/#primaryimage"},"thumbnailUrl":"https://ntp.rs/wp-content/uploads/2025/04/IMG_6348.jpg","datePublished":"2025-04-09T09:03:09+00:00","dateModified":"2025-06-03T12:04:57+00:00","breadcrumb":{"@id":"https://ntp.rs/en/aktuelnosti/climate-change-and-innovations-in-the-focus-of-events-at-stp-nis/#breadcrumb"},"inLanguage":"en-US","potentialAction":[{"@type":"ReadAction","target":["https://ntp.rs/en/aktuelnosti/climate-change-and-innovations-in-the-focus-of-events-at-stp-nis/"]}]},{"@type":"ImageObject","inLanguage":"en-US","@id":"https://ntp.rs/en/aktuelnosti/climate-change-and-innovations-in-the-focus-of-events-at-stp-nis/#primaryimage","url":"https://ntp.rs/wp-content/uploads/2025/04/IMG_6348.jpg","contentUrl":"https://ntp.rs/wp-content/uploads/2025/04/IMG_6348.jpg","width":1992,"height":1328},{"@type":"BreadcrumbList","@id":"https://ntp.rs/en/aktuelnosti/climate-change-and-innovations-in-the-focus-of-events-at-stp-nis/#breadcrumb","itemListElement":[{"@type":"ListItem","position":1,"name":"Home","item":"https://ntp.rs/en/"},{"@type":"ListItem","position":2,"name":"Актуелности","item":"http://ntpn.test/aktuelnosti/"},{"@type":"ListItem","position":3,"name":"Climate Change and Innovations in the Focus of Events at STP Niš"}]},{"@type":"WebSite","@id":"http://ntpn.test/#website","url":"http://ntpn.test/","name":"NTP","description":"NTP","potentialAction":[{"@type":"SearchAction","target":{"@type":"EntryPoint","urlTemplate":"http://ntpn.test/?s={search_term_string}"},"query-input":{"@type":"PropertyValueSpecification","valueRequired":true,"valueName":"search_term_string"}}],"inLanguage":"en-US"}]}</script>
<!-- / Yoast SEO plugin. -->

Climate Change and Innovations in the Focus of Events at STP Niš - NTP

An event focused on the increasingly topical issue of climate change and innovation was held at the Science and Technology Park Niš, organized by STP Niš, the company AdverCity and the Young Ambassadors organization. A special part of the program was dedicated to a lecture by Jaroslav Efimov, head of the Climate Change Sector at [&hellip;]

Актуелности
