{"id":5249,"date":"2024-12-03T12:02:23","date_gmt":"2024-12-03T12:02:23","guid":{"rendered":"https:\/\/ntp.rs\/?post_type=aktuelnosti&#038;p=5249"},"modified":"2025-01-28T12:02:49","modified_gmt":"2025-01-28T12:02:49","slug":"stp-nis-in-trieste-at-the-second-italy-serbia-science-forum","status":"publish","type":"aktuelnosti","link":"https:\/\/ntp.rs\/en\/aktuelnosti\/stp-nis-in-trieste-at-the-second-italy-serbia-science-forum\/","title":{"rendered":"STP Ni\u0161 in Trieste at the Second Italy-Serbia Science Forum"},"content":{"rendered":"<p>The second Italy-Serbia Science Forum, held at the AREA Science Park in Trieste, represented a significant step in connecting science, innovation, and industry between the two countries. For the Science and Technology Park Ni\u0161, this was an extraordinary opportunity to present itself as one of the actors in the development of the innovation ecosystem in Serbia.<br \/>\nThe STP Ni\u0161 managing director, Dr. Milan Ran\u0111elovi\u0107, PhD, participated in the panel discussion Frontiers of Discovery: Unleashing Science and Innovation, where he shared his experiences and visions on how scientific and technological achievements can trigger economic and social development. The emphasis was placed on creating new opportunities for cooperation with Italian partners, and also on improving existing initiatives through the application of cutting-edge research. The importance of involving startups, academia, and companies in joint projects that will contribute to strengthening the innovation culture in the region was highlighted.<\/p>\n<p>The first Italy-Serbia Science Forum was held in Belgrade in March 2023, bringing together leading experts, scientists, and innovators from both countries. At that point, the foundations were laid for deepening cooperation in the field of science and technology, with the aim of creating new opportunities for knowledge exchange and the development of innovations. This second forum in Trieste continued that mission, emphasizing the importance of long-term cooperation for economic and social progress.<\/p>\n","protected":false},"excerpt":{"rendered":"<p>The second Italy-Serbia Science Forum, held at the AREA Science Park in Trieste, represented a significant step in connecting science, innovation, and industry between the two countries. For the Science and Technology Park Ni\u0161, this was an extraordinary opportunity to present itself as one of the actors in the development of the innovation ecosystem in [&hellip;]<\/p>\n","protected":false},"featured_media":5202,"template":"","class_list":["post-5249","aktuelnosti","type-aktuelnosti","status-publish","has-post-thumbnail","hentry"],"acf":[],"yoast_head":"<!-- This site is optimized with the Yoast SEO plugin v26.6 - https:\/\/yoast.com\/wordpress\/plugins\/seo\/ -->\n<title>STP Ni\u0161 in Trieste at the Second Italy-Serbia Science Forum - NTP<\/title>\n<meta name=\"robots\" content=\"index, follow, max-snippet:-1, max-image-preview:large, max-video-preview:-1\" \/>\n<link rel=\"canonical\" href=\"https:\/\/ntp.rs\/en\/aktuelnosti\/stp-nis-in-trieste-at-the-second-italy-serbia-science-forum\/\" \/>\n<meta property=\"og:locale\" content=\"en_US\" \/>\n<meta property=\"og:type\" content=\"article\" \/>\n<meta property=\"og:title\" content=\"STP Ni\u0161 in Trieste at the Second Italy-Serbia Science Forum - NTP\" \/>\n<meta property=\"og:description\" content=\"The second Italy-Serbia Science Forum, held at the AREA Science Park in Trieste, represented a significant step in connecting science, innovation, and industry between the two countries. For the Science and Technology Park Ni\u0161, this was an extraordinary opportunity to present itself as one of the actors in the development of the innovation ecosystem in [&hellip;]\" \/>\n<meta property=\"og:url\" content=\"https:\/\/ntp.rs\/en\/aktuelnosti\/stp-nis-in-trieste-at-the-second-italy-serbia-science-forum\/\" \/>\n<meta property=\"og:site_name\" content=\"NTP\" \/>\n<meta property=\"article:modified_time\" content=\"2025-01-28T12:02:49+00:00\" \/>\n<meta property=\"og:image\" content=\"https:\/\/ntp.rs\/wp-content\/uploads\/2024\/12\/1.jpg\" \/>\n\t<meta property=\"og:image:width\" content=\"1600\" \/>\n\t<meta property=\"og:image:height\" content=\"1200\" \/>\n\t<meta property=\"og:image:type\" content=\"image\/jpeg\" \/>\n<meta name=\"twitter:card\" content=\"summary_large_image\" \/>\n<meta name=\"twitter:label1\" content=\"Est. reading time\" \/>\n\t<meta name=\"twitter:data1\" content=\"2 minutes\" \/>\n<script type=\"application\/ld+json\" class=\"yoast-schema-graph\">{\"@context\":\"https:\/\/schema.org\",\"@graph\":[{\"@type\":\"WebPage\",\"@id\":\"https:\/\/ntp.rs\/en\/aktuelnosti\/stp-nis-in-trieste-at-the-second-italy-serbia-science-forum\/\",\"url\":\"https:\/\/ntp.rs\/en\/aktuelnosti\/stp-nis-in-trieste-at-the-second-italy-serbia-science-forum\/\",\"name\":\"STP Ni\u0161 in Trieste at the Second Italy-Serbia Science Forum - NTP\",\"isPartOf\":{\"@id\":\"http:\/\/ntpn.test\/#website\"},\"primaryImageOfPage\":{\"@id\":\"https:\/\/ntp.rs\/en\/aktuelnosti\/stp-nis-in-trieste-at-the-second-italy-serbia-science-forum\/#primaryimage\"},\"image\":{\"@id\":\"https:\/\/ntp.rs\/en\/aktuelnosti\/stp-nis-in-trieste-at-the-second-italy-serbia-science-forum\/#primaryimage\"},\"thumbnailUrl\":\"https:\/\/ntp.rs\/wp-content\/uploads\/2024\/12\/1.jpg\",\"datePublished\":\"2024-12-03T12:02:23+00:00\",\"dateModified\":\"2025-01-28T12:02:49+00:00\",\"breadcrumb\":{\"@id\":\"https:\/\/ntp.rs\/en\/aktuelnosti\/stp-nis-in-trieste-at-the-second-italy-serbia-science-forum\/#breadcrumb\"},\"inLanguage\":\"en-US\",\"potentialAction\":[{\"@type\":\"ReadAction\",\"target\":[\"https:\/\/ntp.rs\/en\/aktuelnosti\/stp-nis-in-trieste-at-the-second-italy-serbia-science-forum\/\"]}]},{\"@type\":\"ImageObject\",\"inLanguage\":\"en-US\",\"@id\":\"https:\/\/ntp.rs\/en\/aktuelnosti\/stp-nis-in-trieste-at-the-second-italy-serbia-science-forum\/#primaryimage\",\"url\":\"https:\/\/ntp.rs\/wp-content\/uploads\/2024\/12\/1.jpg\",\"contentUrl\":\"https:\/\/ntp.rs\/wp-content\/uploads\/2024\/12\/1.jpg\",\"width\":1600,\"height\":1200},{\"@type\":\"BreadcrumbList\",\"@id\":\"https:\/\/ntp.rs\/en\/aktuelnosti\/stp-nis-in-trieste-at-the-second-italy-serbia-science-forum\/#breadcrumb\",\"itemListElement\":[{\"@type\":\"ListItem\",\"position\":1,\"name\":\"Home\",\"item\":\"https:\/\/ntp.rs\/en\/\"},{\"@type\":\"ListItem\",\"position\":2,\"name\":\"\u0410\u043a\u0442\u0443\u0435\u043b\u043d\u043e\u0441\u0442\u0438\",\"item\":\"http:\/\/ntpn.test\/aktuelnosti\/\"},{\"@type\":\"ListItem\",\"position\":3,\"name\":\"STP Ni\u0161 in Trieste at the Second Italy-Serbia Science Forum\"}]},{\"@type\":\"WebSite\",\"@id\":\"http:\/\/ntpn.test\/#website\",\"url\":\"http:\/\/ntpn.test\/\",\"name\":\"NTP\",\"description\":\"NTP\",\"potentialAction\":[{\"@type\":\"SearchAction\",\"target\":{\"@type\":\"EntryPoint\",\"urlTemplate\":\"http:\/\/ntpn.test\/?s={search_term_string}\"},\"query-input\":{\"@type\":\"PropertyValueSpecification\",\"valueRequired\":true,\"valueName\":\"search_term_string\"}}],\"inLanguage\":\"en-US\"}]}<\/script>\n<!-- \/ Yoast SEO plugin. -->","yoast_head_json":{"title":"STP Ni\u0161 in Trieste at the Second Italy-Serbia Science Forum - NTP","robots":{"index":"index","follow":"follow","max-snippet":"max-snippet:-1","max-image-preview":"max-image-preview:large","max-video-preview":"max-video-preview:-1"},"canonical":"https:\/\/ntp.rs\/en\/aktuelnosti\/stp-nis-in-trieste-at-the-second-italy-serbia-science-forum\/","og_locale":"en_US","og_type":"article","og_title":"STP Ni\u0161 in Trieste at the Second Italy-Serbia Science Forum - NTP","og_description":"The second Italy-Serbia Science Forum, held at the AREA Science Park in Trieste, represented a significant step in connecting science, innovation, and industry between the two countries. For the Science and Technology Park Ni\u0161, this was an extraordinary opportunity to present itself as one of the actors in the development of the innovation ecosystem in [&hellip;]","og_url":"https:\/\/ntp.rs\/en\/aktuelnosti\/stp-nis-in-trieste-at-the-second-italy-serbia-science-forum\/","og_site_name":"NTP","article_modified_time":"2025-01-28T12:02:49+00:00","og_image":[{"width":1600,"height":1200,"url":"https:\/\/ntp.rs\/wp-content\/uploads\/2024\/12\/1.jpg","type":"image\/jpeg"}],"twitter_card":"summary_large_image","twitter_misc":{"Est. reading time":"2 minutes"},"schema":{"@context":"https:\/\/schema.org","@graph":[{"@type":"WebPage","@id":"https:\/\/ntp.rs\/en\/aktuelnosti\/stp-nis-in-trieste-at-the-second-italy-serbia-science-forum\/","url":"https:\/\/ntp.rs\/en\/aktuelnosti\/stp-nis-in-trieste-at-the-second-italy-serbia-science-forum\/","name":"STP Ni\u0161 in Trieste at the Second Italy-Serbia Science Forum - NTP","isPartOf":{"@id":"http:\/\/ntpn.test\/#website"},"primaryImageOfPage":{"@id":"https:\/\/ntp.rs\/en\/aktuelnosti\/stp-nis-in-trieste-at-the-second-italy-serbia-science-forum\/#primaryimage"},"image":{"@id":"https:\/\/ntp.rs\/en\/aktuelnosti\/stp-nis-in-trieste-at-the-second-italy-serbia-science-forum\/#primaryimage"},"thumbnailUrl":"https:\/\/ntp.rs\/wp-content\/uploads\/2024\/12\/1.jpg","datePublished":"2024-12-03T12:02:23+00:00","dateModified":"2025-01-28T12:02:49+00:00","breadcrumb":{"@id":"https:\/\/ntp.rs\/en\/aktuelnosti\/stp-nis-in-trieste-at-the-second-italy-serbia-science-forum\/#breadcrumb"},"inLanguage":"en-US","potentialAction":[{"@type":"ReadAction","target":["https:\/\/ntp.rs\/en\/aktuelnosti\/stp-nis-in-trieste-at-the-second-italy-serbia-science-forum\/"]}]},{"@type":"ImageObject","inLanguage":"en-US","@id":"https:\/\/ntp.rs\/en\/aktuelnosti\/stp-nis-in-trieste-at-the-second-italy-serbia-science-forum\/#primaryimage","url":"https:\/\/ntp.rs\/wp-content\/uploads\/2024\/12\/1.jpg","contentUrl":"https:\/\/ntp.rs\/wp-content\/uploads\/2024\/12\/1.jpg","width":1600,"height":1200},{"@type":"BreadcrumbList","@id":"https:\/\/ntp.rs\/en\/aktuelnosti\/stp-nis-in-trieste-at-the-second-italy-serbia-science-forum\/#breadcrumb","itemListElement":[{"@type":"ListItem","position":1,"name":"Home","item":"https:\/\/ntp.rs\/en\/"},{"@type":"ListItem","position":2,"name":"\u0410\u043a\u0442\u0443\u0435\u043b\u043d\u043e\u0441\u0442\u0438","item":"http:\/\/ntpn.test\/aktuelnosti\/"},{"@type":"ListItem","position":3,"name":"STP Ni\u0161 in Trieste at the Second Italy-Serbia Science Forum"}]},{"@type":"WebSite","@id":"http:\/\/ntpn.test\/#website","url":"http:\/\/ntpn.test\/","name":"NTP","description":"NTP","potentialAction":[{"@type":"SearchAction","target":{"@type":"EntryPoint","urlTemplate":"http:\/\/ntpn.test\/?s={search_term_string}"},"query-input":{"@type":"PropertyValueSpecification","valueRequired":true,"valueName":"search_term_string"}}],"inLanguage":"en-US"}]}},"_links":{"self":[{"href":"https:\/\/ntp.rs\/en\/wp-json\/wp\/v2\/aktuelnosti\/5249","targetHints":{"allow":["GET"]}}],"collection":[{"href":"https:\/\/ntp.rs\/en\/wp-json\/wp\/v2\/aktuelnosti"}],"about":[{"href":"https:\/\/ntp.rs\/en\/wp-json\/wp\/v2\/types\/aktuelnosti"}],"wp:featuredmedia":[{"embeddable":true,"href":"https:\/\/ntp.rs\/en\/wp-json\/wp\/v2\/media\/5202"}],"wp:attachment":[{"href":"https:\/\/ntp.rs\/en\/wp-json\/wp\/v2\/media?parent=5249"}],"curies":[{"name":"wp","href":"https:\/\/api.w.org\/{rel}","templated":true}]}}

STP Niš in Trieste at the Second Italy-Serbia Science Forum

<p>The second Italy-Serbia Science Forum, held at the AREA Science Park in Trieste, represented a significant step in connecting science, innovation, and industry between the two countries. For the Science and Technology Park Niš, this was an extraordinary opportunity to present itself as one of the actors in the development of the innovation ecosystem in Serbia.<br />
The STP Niš managing director, Dr. Milan Ranđelović, PhD, participated in the panel discussion Frontiers of Discovery: Unleashing Science and Innovation, where he shared his experiences and visions on how scientific and technological achievements can trigger economic and social development. The emphasis was placed on creating new opportunities for cooperation with Italian partners, and also on improving existing initiatives through the application of cutting-edge research. The importance of involving startups, academia, and companies in joint projects that will contribute to strengthening the innovation culture in the region was highlighted.</p>
<p>The first Italy-Serbia Science Forum was held in Belgrade in March 2023, bringing together leading experts, scientists, and innovators from both countries. At that point, the foundations were laid for deepening cooperation in the field of science and technology, with the aim of creating new opportunities for knowledge exchange and the development of innovations. This second forum in Trieste continued that mission, emphasizing the importance of long-term cooperation for economic and social progress.</p>

<p>The second Italy-Serbia Science Forum, held at the AREA Science Park in Trieste, represented a significant step in connecting science, innovation, and industry between the two countries. For the Science and Technology Park Niš, this was an extraordinary opportunity to present itself as one of the actors in the development of the innovation ecosystem in [&hellip;]</p>

<!-- This site is optimized with the Yoast SEO plugin v26.6 - https://yoast.com/wordpress/plugins/seo/ -->
<title>STP Niš in Trieste at the Second Italy-Serbia Science Forum - NTP</title>
<meta name="robots" content="index, follow, max-snippet:-1, max-image-preview:large, max-video-preview:-1" />
<link rel="canonical" href="https://ntp.rs/en/aktuelnosti/stp-nis-in-trieste-at-the-second-italy-serbia-science-forum/" />
<meta property="og:locale" content="en_US" />
<meta property="og:type" content="article" />
<meta property="og:title" content="STP Niš in Trieste at the Second Italy-Serbia Science Forum - NTP" />
<meta property="og:description" content="The second Italy-Serbia Science Forum, held at the AREA Science Park in Trieste, represented a significant step in connecting science, innovation, and industry between the two countries. For the Science and Technology Park Niš, this was an extraordinary opportunity to present itself as one of the actors in the development of the innovation ecosystem in [&hellip;]" />
<meta property="og:url" content="https://ntp.rs/en/aktuelnosti/stp-nis-in-trieste-at-the-second-italy-serbia-science-forum/" />
<meta property="og:site_name" content="NTP" />
<meta property="article:modified_time" content="2025-01-28T12:02:49+00:00" />
<meta property="og:image" content="https://ntp.rs/wp-content/uploads/2024/12/1.jpg" />
	<meta property="og:image:width" content="1600" />
	<meta property="og:image:height" content="1200" />
	<meta property="og:image:type" content="image/jpeg" />
<meta name="twitter:card" content="summary_large_image" />
<meta name="twitter:label1" content="Est. reading time" />
	<meta name="twitter:data1" content="2 minutes" />
<script type="application/ld+json" class="yoast-schema-graph">{"@context":"https://schema.org","@graph":[{"@type":"WebPage","@id":"https://ntp.rs/en/aktuelnosti/stp-nis-in-trieste-at-the-second-italy-serbia-science-forum/","url":"https://ntp.rs/en/aktuelnosti/stp-nis-in-trieste-at-the-second-italy-serbia-science-forum/","name":"STP Niš in Trieste at the Second Italy-Serbia Science Forum - NTP","isPartOf":{"@id":"http://ntpn.test/#website"},"primaryImageOfPage":{"@id":"https://ntp.rs/en/aktuelnosti/stp-nis-in-trieste-at-the-second-italy-serbia-science-forum/#primaryimage"},"image":{"@id":"https://ntp.rs/en/aktuelnosti/stp-nis-in-trieste-at-the-second-italy-serbia-science-forum/#primaryimage"},"thumbnailUrl":"https://ntp.rs/wp-content/uploads/2024/12/1.jpg","datePublished":"2024-12-03T12:02:23+00:00","dateModified":"2025-01-28T12:02:49+00:00","breadcrumb":{"@id":"https://ntp.rs/en/aktuelnosti/stp-nis-in-trieste-at-the-second-italy-serbia-science-forum/#breadcrumb"},"inLanguage":"en-US","potentialAction":[{"@type":"ReadAction","target":["https://ntp.rs/en/aktuelnosti/stp-nis-in-trieste-at-the-second-italy-serbia-science-forum/"]}]},{"@type":"ImageObject","inLanguage":"en-US","@id":"https://ntp.rs/en/aktuelnosti/stp-nis-in-trieste-at-the-second-italy-serbia-science-forum/#primaryimage","url":"https://ntp.rs/wp-content/uploads/2024/12/1.jpg","contentUrl":"https://ntp.rs/wp-content/uploads/2024/12/1.jpg","width":1600,"height":1200},{"@type":"BreadcrumbList","@id":"https://ntp.rs/en/aktuelnosti/stp-nis-in-trieste-at-the-second-italy-serbia-science-forum/#breadcrumb","itemListElement":[{"@type":"ListItem","position":1,"name":"Home","item":"https://ntp.rs/en/"},{"@type":"ListItem","position":2,"name":"Актуелности","item":"http://ntpn.test/aktuelnosti/"},{"@type":"ListItem","position":3,"name":"STP Niš in Trieste at the Second Italy-Serbia Science Forum"}]},{"@type":"WebSite","@id":"http://ntpn.test/#website","url":"http://ntpn.test/","name":"NTP","description":"NTP","potentialAction":[{"@type":"SearchAction","target":{"@type":"EntryPoint","urlTemplate":"http://ntpn.test/?s={search_term_string}"},"query-input":{"@type":"PropertyValueSpecification","valueRequired":true,"valueName":"search_term_string"}}],"inLanguage":"en-US"}]}</script>
<!-- / Yoast SEO plugin. -->

STP Niš in Trieste at the Second Italy-Serbia Science Forum - NTP

The second Italy-Serbia Science Forum, held at the AREA Science Park in Trieste, represented a significant step in connecting science, innovation, and industry between the two countries. For the Science and Technology Park Niš, this was an extraordinary opportunity to present itself as one of the actors in the development of the innovation ecosystem in [&hellip;]

Актуелности
