{"id":4701,"date":"2024-04-24T07:52:43","date_gmt":"2024-04-24T07:52:43","guid":{"rendered":"https:\/\/ntp.rs\/?post_type=aktuelnosti&#038;p=4701"},"modified":"2024-05-13T07:55:00","modified_gmt":"2024-05-13T07:55:00","slug":"the-8th-forum-of-advanced-technologies-in-june-at-stp-nis","status":"publish","type":"aktuelnosti","link":"https:\/\/ntp.rs\/en\/aktuelnosti\/the-8th-forum-of-advanced-technologies-in-june-at-stp-nis\/","title":{"rendered":"The 8th Forum of Advanced Technologies in June at STP Ni\u0161"},"content":{"rendered":"<p>On Wednesday, April 24, at a media conference, the 8th Forum of Advanced Technologies (FNT) was officially announced, scheduled this year for June 12 and 13 in the Science and Technology Park Ni\u0161.<\/p>\n<p>At the conference, the topics, participants, panelists, and ways to transform FNT, which has been profiled as an important regional and international platform for years, were announced. The press and other guests were addressed by the director of the Chamber of Commerce and Industry of Serbia &#8211; RPK Ni\u0161, Aleksandar Mili\u0107evi\u0107, the director of STP Ni\u0161, Milan Ran\u0111elovi\u0107, PhD, the representative of the City of Ni\u0161, Prof. Vladislav Marjanovi\u0107, PhD, as well as institutional friends of the Forum who have traditionally supported the organization of this event for years.<\/p>\n<p>The topics of this year&#8217;s FNT will be directed towards the most topical innovative news in the field of artificial intelligence, autonomous vehicles, 5G networks, development of innovation ecosystems, Web 3 and blockchain technologies. Dedicated to the creative industries, the Forum brings together experts and leading companies from around the world with the aim of deepening the discussion on new trends and challenges in the field of advanced technologies, which not only enables the connection between educational and research institutions, startups, and innovative companies, but also attracts a wide range of participants, including investors, technology enthusiasts, regulatory bodies, NGOs, and industry professionals.<\/p>\n<p>The organizers of this year&#8217;s Forum of Advanced Technologies are the Chamber of Commerce and Industry of Serbia &#8211; RPK Ni\u0161, the Science and Technology Park Ni\u0161, and the City of Ni\u0161, with the support of the Ministry of Science, Technological Development and Innovation.<\/p>\n<p>&nbsp;<\/p>\n<p>&nbsp;<\/p>\n","protected":false},"excerpt":{"rendered":"<p>On Wednesday, April 24, at a media conference, the 8th Forum of Advanced Technologies (FNT) was officially announced, scheduled this year for June 12 and 13 in the Science and Technology Park Ni\u0161. At the conference, the topics, participants, panelists, and ways to transform FNT, which has been profiled as an important regional and international [&hellip;]<\/p>\n","protected":false},"featured_media":4681,"template":"","class_list":["post-4701","aktuelnosti","type-aktuelnosti","status-publish","has-post-thumbnail","hentry"],"acf":[],"yoast_head":"<!-- This site is optimized with the Yoast SEO plugin v26.6 - https:\/\/yoast.com\/wordpress\/plugins\/seo\/ -->\n<title>The 8th Forum of Advanced Technologies in June at STP Ni\u0161 - NTP<\/title>\n<meta name=\"robots\" content=\"index, follow, max-snippet:-1, max-image-preview:large, max-video-preview:-1\" \/>\n<link rel=\"canonical\" href=\"https:\/\/ntp.rs\/en\/aktuelnosti\/the-8th-forum-of-advanced-technologies-in-june-at-stp-nis\/\" \/>\n<meta property=\"og:locale\" content=\"en_US\" \/>\n<meta property=\"og:type\" content=\"article\" \/>\n<meta property=\"og:title\" content=\"The 8th Forum of Advanced Technologies in June at STP Ni\u0161 - NTP\" \/>\n<meta property=\"og:description\" content=\"On Wednesday, April 24, at a media conference, the 8th Forum of Advanced Technologies (FNT) was officially announced, scheduled this year for June 12 and 13 in the Science and Technology Park Ni\u0161. At the conference, the topics, participants, panelists, and ways to transform FNT, which has been profiled as an important regional and international [&hellip;]\" \/>\n<meta property=\"og:url\" content=\"https:\/\/ntp.rs\/en\/aktuelnosti\/the-8th-forum-of-advanced-technologies-in-june-at-stp-nis\/\" \/>\n<meta property=\"og:site_name\" content=\"NTP\" \/>\n<meta property=\"article:modified_time\" content=\"2024-05-13T07:55:00+00:00\" \/>\n<meta property=\"og:image\" content=\"https:\/\/ntp.rs\/wp-content\/uploads\/2024\/04\/1-3-scaled.jpg\" \/>\n\t<meta property=\"og:image:width\" content=\"2560\" \/>\n\t<meta property=\"og:image:height\" content=\"1707\" \/>\n\t<meta property=\"og:image:type\" content=\"image\/jpeg\" \/>\n<meta name=\"twitter:card\" content=\"summary_large_image\" \/>\n<meta name=\"twitter:label1\" content=\"Est. reading time\" \/>\n\t<meta name=\"twitter:data1\" content=\"2 minutes\" \/>\n<script type=\"application\/ld+json\" class=\"yoast-schema-graph\">{\"@context\":\"https:\/\/schema.org\",\"@graph\":[{\"@type\":\"WebPage\",\"@id\":\"https:\/\/ntp.rs\/en\/aktuelnosti\/the-8th-forum-of-advanced-technologies-in-june-at-stp-nis\/\",\"url\":\"https:\/\/ntp.rs\/en\/aktuelnosti\/the-8th-forum-of-advanced-technologies-in-june-at-stp-nis\/\",\"name\":\"The 8th Forum of Advanced Technologies in June at STP Ni\u0161 - NTP\",\"isPartOf\":{\"@id\":\"http:\/\/ntpn.test\/#website\"},\"primaryImageOfPage\":{\"@id\":\"https:\/\/ntp.rs\/en\/aktuelnosti\/the-8th-forum-of-advanced-technologies-in-june-at-stp-nis\/#primaryimage\"},\"image\":{\"@id\":\"https:\/\/ntp.rs\/en\/aktuelnosti\/the-8th-forum-of-advanced-technologies-in-june-at-stp-nis\/#primaryimage\"},\"thumbnailUrl\":\"https:\/\/ntp.rs\/wp-content\/uploads\/2024\/04\/1-3-scaled.jpg\",\"datePublished\":\"2024-04-24T07:52:43+00:00\",\"dateModified\":\"2024-05-13T07:55:00+00:00\",\"breadcrumb\":{\"@id\":\"https:\/\/ntp.rs\/en\/aktuelnosti\/the-8th-forum-of-advanced-technologies-in-june-at-stp-nis\/#breadcrumb\"},\"inLanguage\":\"en-US\",\"potentialAction\":[{\"@type\":\"ReadAction\",\"target\":[\"https:\/\/ntp.rs\/en\/aktuelnosti\/the-8th-forum-of-advanced-technologies-in-june-at-stp-nis\/\"]}]},{\"@type\":\"ImageObject\",\"inLanguage\":\"en-US\",\"@id\":\"https:\/\/ntp.rs\/en\/aktuelnosti\/the-8th-forum-of-advanced-technologies-in-june-at-stp-nis\/#primaryimage\",\"url\":\"https:\/\/ntp.rs\/wp-content\/uploads\/2024\/04\/1-3-scaled.jpg\",\"contentUrl\":\"https:\/\/ntp.rs\/wp-content\/uploads\/2024\/04\/1-3-scaled.jpg\",\"width\":2560,\"height\":1707},{\"@type\":\"BreadcrumbList\",\"@id\":\"https:\/\/ntp.rs\/en\/aktuelnosti\/the-8th-forum-of-advanced-technologies-in-june-at-stp-nis\/#breadcrumb\",\"itemListElement\":[{\"@type\":\"ListItem\",\"position\":1,\"name\":\"Home\",\"item\":\"https:\/\/ntp.rs\/en\/\"},{\"@type\":\"ListItem\",\"position\":2,\"name\":\"\u0410\u043a\u0442\u0443\u0435\u043b\u043d\u043e\u0441\u0442\u0438\",\"item\":\"http:\/\/ntpn.test\/aktuelnosti\/\"},{\"@type\":\"ListItem\",\"position\":3,\"name\":\"The 8th Forum of Advanced Technologies in June at STP Ni\u0161\"}]},{\"@type\":\"WebSite\",\"@id\":\"http:\/\/ntpn.test\/#website\",\"url\":\"http:\/\/ntpn.test\/\",\"name\":\"NTP\",\"description\":\"NTP\",\"potentialAction\":[{\"@type\":\"SearchAction\",\"target\":{\"@type\":\"EntryPoint\",\"urlTemplate\":\"http:\/\/ntpn.test\/?s={search_term_string}\"},\"query-input\":{\"@type\":\"PropertyValueSpecification\",\"valueRequired\":true,\"valueName\":\"search_term_string\"}}],\"inLanguage\":\"en-US\"}]}<\/script>\n<!-- \/ Yoast SEO plugin. -->","yoast_head_json":{"title":"The 8th Forum of Advanced Technologies in June at STP Ni\u0161 - NTP","robots":{"index":"index","follow":"follow","max-snippet":"max-snippet:-1","max-image-preview":"max-image-preview:large","max-video-preview":"max-video-preview:-1"},"canonical":"https:\/\/ntp.rs\/en\/aktuelnosti\/the-8th-forum-of-advanced-technologies-in-june-at-stp-nis\/","og_locale":"en_US","og_type":"article","og_title":"The 8th Forum of Advanced Technologies in June at STP Ni\u0161 - NTP","og_description":"On Wednesday, April 24, at a media conference, the 8th Forum of Advanced Technologies (FNT) was officially announced, scheduled this year for June 12 and 13 in the Science and Technology Park Ni\u0161. At the conference, the topics, participants, panelists, and ways to transform FNT, which has been profiled as an important regional and international [&hellip;]","og_url":"https:\/\/ntp.rs\/en\/aktuelnosti\/the-8th-forum-of-advanced-technologies-in-june-at-stp-nis\/","og_site_name":"NTP","article_modified_time":"2024-05-13T07:55:00+00:00","og_image":[{"width":2560,"height":1707,"url":"https:\/\/ntp.rs\/wp-content\/uploads\/2024\/04\/1-3-scaled.jpg","type":"image\/jpeg"}],"twitter_card":"summary_large_image","twitter_misc":{"Est. reading time":"2 minutes"},"schema":{"@context":"https:\/\/schema.org","@graph":[{"@type":"WebPage","@id":"https:\/\/ntp.rs\/en\/aktuelnosti\/the-8th-forum-of-advanced-technologies-in-june-at-stp-nis\/","url":"https:\/\/ntp.rs\/en\/aktuelnosti\/the-8th-forum-of-advanced-technologies-in-june-at-stp-nis\/","name":"The 8th Forum of Advanced Technologies in June at STP Ni\u0161 - NTP","isPartOf":{"@id":"http:\/\/ntpn.test\/#website"},"primaryImageOfPage":{"@id":"https:\/\/ntp.rs\/en\/aktuelnosti\/the-8th-forum-of-advanced-technologies-in-june-at-stp-nis\/#primaryimage"},"image":{"@id":"https:\/\/ntp.rs\/en\/aktuelnosti\/the-8th-forum-of-advanced-technologies-in-june-at-stp-nis\/#primaryimage"},"thumbnailUrl":"https:\/\/ntp.rs\/wp-content\/uploads\/2024\/04\/1-3-scaled.jpg","datePublished":"2024-04-24T07:52:43+00:00","dateModified":"2024-05-13T07:55:00+00:00","breadcrumb":{"@id":"https:\/\/ntp.rs\/en\/aktuelnosti\/the-8th-forum-of-advanced-technologies-in-june-at-stp-nis\/#breadcrumb"},"inLanguage":"en-US","potentialAction":[{"@type":"ReadAction","target":["https:\/\/ntp.rs\/en\/aktuelnosti\/the-8th-forum-of-advanced-technologies-in-june-at-stp-nis\/"]}]},{"@type":"ImageObject","inLanguage":"en-US","@id":"https:\/\/ntp.rs\/en\/aktuelnosti\/the-8th-forum-of-advanced-technologies-in-june-at-stp-nis\/#primaryimage","url":"https:\/\/ntp.rs\/wp-content\/uploads\/2024\/04\/1-3-scaled.jpg","contentUrl":"https:\/\/ntp.rs\/wp-content\/uploads\/2024\/04\/1-3-scaled.jpg","width":2560,"height":1707},{"@type":"BreadcrumbList","@id":"https:\/\/ntp.rs\/en\/aktuelnosti\/the-8th-forum-of-advanced-technologies-in-june-at-stp-nis\/#breadcrumb","itemListElement":[{"@type":"ListItem","position":1,"name":"Home","item":"https:\/\/ntp.rs\/en\/"},{"@type":"ListItem","position":2,"name":"\u0410\u043a\u0442\u0443\u0435\u043b\u043d\u043e\u0441\u0442\u0438","item":"http:\/\/ntpn.test\/aktuelnosti\/"},{"@type":"ListItem","position":3,"name":"The 8th Forum of Advanced Technologies in June at STP Ni\u0161"}]},{"@type":"WebSite","@id":"http:\/\/ntpn.test\/#website","url":"http:\/\/ntpn.test\/","name":"NTP","description":"NTP","potentialAction":[{"@type":"SearchAction","target":{"@type":"EntryPoint","urlTemplate":"http:\/\/ntpn.test\/?s={search_term_string}"},"query-input":{"@type":"PropertyValueSpecification","valueRequired":true,"valueName":"search_term_string"}}],"inLanguage":"en-US"}]}},"_links":{"self":[{"href":"https:\/\/ntp.rs\/en\/wp-json\/wp\/v2\/aktuelnosti\/4701","targetHints":{"allow":["GET"]}}],"collection":[{"href":"https:\/\/ntp.rs\/en\/wp-json\/wp\/v2\/aktuelnosti"}],"about":[{"href":"https:\/\/ntp.rs\/en\/wp-json\/wp\/v2\/types\/aktuelnosti"}],"wp:featuredmedia":[{"embeddable":true,"href":"https:\/\/ntp.rs\/en\/wp-json\/wp\/v2\/media\/4681"}],"wp:attachment":[{"href":"https:\/\/ntp.rs\/en\/wp-json\/wp\/v2\/media?parent=4701"}],"curies":[{"name":"wp","href":"https:\/\/api.w.org\/{rel}","templated":true}]}}

The 8th Forum of Advanced Technologies in June at STP Niš

<p>On Wednesday, April 24, at a media conference, the 8th Forum of Advanced Technologies (FNT) was officially announced, scheduled this year for June 12 and 13 in the Science and Technology Park Niš.</p>
<p>At the conference, the topics, participants, panelists, and ways to transform FNT, which has been profiled as an important regional and international platform for years, were announced. The press and other guests were addressed by the director of the Chamber of Commerce and Industry of Serbia &#8211; RPK Niš, Aleksandar Milićević, the director of STP Niš, Milan Ranđelović, PhD, the representative of the City of Niš, Prof. Vladislav Marjanović, PhD, as well as institutional friends of the Forum who have traditionally supported the organization of this event for years.</p>
<p>The topics of this year&#8217;s FNT will be directed towards the most topical innovative news in the field of artificial intelligence, autonomous vehicles, 5G networks, development of innovation ecosystems, Web 3 and blockchain technologies. Dedicated to the creative industries, the Forum brings together experts and leading companies from around the world with the aim of deepening the discussion on new trends and challenges in the field of advanced technologies, which not only enables the connection between educational and research institutions, startups, and innovative companies, but also attracts a wide range of participants, including investors, technology enthusiasts, regulatory bodies, NGOs, and industry professionals.</p>
<p>The organizers of this year&#8217;s Forum of Advanced Technologies are the Chamber of Commerce and Industry of Serbia &#8211; RPK Niš, the Science and Technology Park Niš, and the City of Niš, with the support of the Ministry of Science, Technological Development and Innovation.</p>
<p>&nbsp;</p>
<p>&nbsp;</p>

<p>On Wednesday, April 24, at a media conference, the 8th Forum of Advanced Technologies (FNT) was officially announced, scheduled this year for June 12 and 13 in the Science and Technology Park Niš. At the conference, the topics, participants, panelists, and ways to transform FNT, which has been profiled as an important regional and international [&hellip;]</p>

<!-- This site is optimized with the Yoast SEO plugin v26.6 - https://yoast.com/wordpress/plugins/seo/ -->
<title>The 8th Forum of Advanced Technologies in June at STP Niš - NTP</title>
<meta name="robots" content="index, follow, max-snippet:-1, max-image-preview:large, max-video-preview:-1" />
<link rel="canonical" href="https://ntp.rs/en/aktuelnosti/the-8th-forum-of-advanced-technologies-in-june-at-stp-nis/" />
<meta property="og:locale" content="en_US" />
<meta property="og:type" content="article" />
<meta property="og:title" content="The 8th Forum of Advanced Technologies in June at STP Niš - NTP" />
<meta property="og:description" content="On Wednesday, April 24, at a media conference, the 8th Forum of Advanced Technologies (FNT) was officially announced, scheduled this year for June 12 and 13 in the Science and Technology Park Niš. At the conference, the topics, participants, panelists, and ways to transform FNT, which has been profiled as an important regional and international [&hellip;]" />
<meta property="og:url" content="https://ntp.rs/en/aktuelnosti/the-8th-forum-of-advanced-technologies-in-june-at-stp-nis/" />
<meta property="og:site_name" content="NTP" />
<meta property="article:modified_time" content="2024-05-13T07:55:00+00:00" />
<meta property="og:image" content="https://ntp.rs/wp-content/uploads/2024/04/1-3-scaled.jpg" />
	<meta property="og:image:width" content="2560" />
	<meta property="og:image:height" content="1707" />
	<meta property="og:image:type" content="image/jpeg" />
<meta name="twitter:card" content="summary_large_image" />
<meta name="twitter:label1" content="Est. reading time" />
	<meta name="twitter:data1" content="2 minutes" />
<script type="application/ld+json" class="yoast-schema-graph">{"@context":"https://schema.org","@graph":[{"@type":"WebPage","@id":"https://ntp.rs/en/aktuelnosti/the-8th-forum-of-advanced-technologies-in-june-at-stp-nis/","url":"https://ntp.rs/en/aktuelnosti/the-8th-forum-of-advanced-technologies-in-june-at-stp-nis/","name":"The 8th Forum of Advanced Technologies in June at STP Niš - NTP","isPartOf":{"@id":"http://ntpn.test/#website"},"primaryImageOfPage":{"@id":"https://ntp.rs/en/aktuelnosti/the-8th-forum-of-advanced-technologies-in-june-at-stp-nis/#primaryimage"},"image":{"@id":"https://ntp.rs/en/aktuelnosti/the-8th-forum-of-advanced-technologies-in-june-at-stp-nis/#primaryimage"},"thumbnailUrl":"https://ntp.rs/wp-content/uploads/2024/04/1-3-scaled.jpg","datePublished":"2024-04-24T07:52:43+00:00","dateModified":"2024-05-13T07:55:00+00:00","breadcrumb":{"@id":"https://ntp.rs/en/aktuelnosti/the-8th-forum-of-advanced-technologies-in-june-at-stp-nis/#breadcrumb"},"inLanguage":"en-US","potentialAction":[{"@type":"ReadAction","target":["https://ntp.rs/en/aktuelnosti/the-8th-forum-of-advanced-technologies-in-june-at-stp-nis/"]}]},{"@type":"ImageObject","inLanguage":"en-US","@id":"https://ntp.rs/en/aktuelnosti/the-8th-forum-of-advanced-technologies-in-june-at-stp-nis/#primaryimage","url":"https://ntp.rs/wp-content/uploads/2024/04/1-3-scaled.jpg","contentUrl":"https://ntp.rs/wp-content/uploads/2024/04/1-3-scaled.jpg","width":2560,"height":1707},{"@type":"BreadcrumbList","@id":"https://ntp.rs/en/aktuelnosti/the-8th-forum-of-advanced-technologies-in-june-at-stp-nis/#breadcrumb","itemListElement":[{"@type":"ListItem","position":1,"name":"Home","item":"https://ntp.rs/en/"},{"@type":"ListItem","position":2,"name":"Актуелности","item":"http://ntpn.test/aktuelnosti/"},{"@type":"ListItem","position":3,"name":"The 8th Forum of Advanced Technologies in June at STP Niš"}]},{"@type":"WebSite","@id":"http://ntpn.test/#website","url":"http://ntpn.test/","name":"NTP","description":"NTP","potentialAction":[{"@type":"SearchAction","target":{"@type":"EntryPoint","urlTemplate":"http://ntpn.test/?s={search_term_string}"},"query-input":{"@type":"PropertyValueSpecification","valueRequired":true,"valueName":"search_term_string"}}],"inLanguage":"en-US"}]}</script>
<!-- / Yoast SEO plugin. -->

The 8th Forum of Advanced Technologies in June at STP Niš - NTP

On Wednesday, April 24, at a media conference, the 8th Forum of Advanced Technologies (FNT) was officially announced, scheduled this year for June 12 and 13 in the Science and Technology Park Niš. At the conference, the topics, participants, panelists, and ways to transform FNT, which has been profiled as an important regional and international [&hellip;]

Актуелности
